 24674?
4
What is the hundreds digit of 2827?
8
What is the thousands digit of 1501?
1
What is the hundreds digit of 12486?
4
What is the thousands digit of 1031?
1
What is the units digit of 4259?
9
What is the ten thousands digit of 78982?
7
What is the tens digit of 2933?
3
What is the hundreds digit of 48003?
0
What is the tens digit of 1977?
7
What is the hundreds digit of 2074?
0
What is the units digit of 16747?
7
What is the thousands digit of 1688?
1
What is the ten thousands digit of 24660?
2
What is the thousands digit of 15125?
5
What is the thousands digit of 5402?
5
What is the tens digit of 4641?
4
What is the hundreds digit of 790?
7
What is the thousands digit of 8907?
8
What is the thousands digit of 5606?
5
What is the units digit of 13822?
2
What is the tens digit of 114627?
2
What is the tens digit of 35861?
6
What is the thousands digit of 1583?
1
What is the hundreds digit of 2764?
7
What is the hundreds digit of 4496?
4
What is the hundreds digit of 12045?
0
What is the tens digit of 11031?
3
What is the hundreds digit of 3876?
8
What is the tens digit of 68918?
1
What is the tens digit of 11801?
0
What is the tens digit of 603?
0
What is the hundreds digit of 57980?
9
What is the thousands digit of 3163?
3
What is the tens digit of 45677?
7
What is the ten thousands digit of 132827?
3
What is the tens digit of 1038?
3
What is the thousands digit of 16037?
6
What is the thousands digit of 2004?
2
What is the hundreds digit of 324?
3
What is the units digit of 5789?
9
What is the hundreds digit of 55740?
7
What is the tens digit of 173?
7
What is the tens digit of 43794?
9
What is the hundreds digit of 4384?
3
What is the tens digit of 1907?
0
What is the tens digit of 1599?
9
What is the thousands digit of 2866?
2
What is the units digit of 9800?
0
What is the thousands digit of 5940?
5
What is the thousands digit of 1578?
1
What is the tens digit of 5401?
0
What is the hundreds digit of 2039?
0
What is the thousands digit of 57805?
7
What is the hundreds digit of 10562?
5
What is the units digit of 1120?
0
What is the tens digit of 2523?
2
What is the units digit of 4492?
2
What is the hundreds digit of 30517?
5
What is the hundreds digit of 1409?
4
What is the tens digit of 3816?
1
What is the thousands digit of 47826?
7
What is the ten thousands digit of 26455?
2
What is the hundreds digit of 816?
8
What is the thousands digit of 18587?
8
What is the units digit of 1565?
5
What is the ten thousands digit of 19419?
1
What is the thousands digit of 3489?
3
What is the tens digit of 19027?
2
What is the ten thousands digit of 17399?
1
What is the hundreds digit of 1192?
1
What is the tens digit of 8385?
8
What is the hundreds digit of 6204?
2
What is the tens digit of 7702?
0
What is the tens digit of 364?
6
What is the hundreds digit of 62357?
3
What is the hundreds digit of 3985?
9
What is the units digit of 48130?
0
What is the tens digit of 1932?
3
What is the units digit of 30419?
9
What is the tens digit of 2365?
6
What is the units digit of 12858?
8
What is the thousands digit of 9792?
9
What is the thousands digit of 1588?
1
What is the units digit of 617?
7
What is the ten thousands digit of 31415?
3
What is the tens digit of 20586?
8
What is the units digit of 907?
7
What is the hundreds digit of 8762?
7
What is the thousands digit of 32134?
2
What is the units digit of 44866?
6
What is the thousands digit of 9423?
9
What is the units digit of 74140?
0
What is the tens digit of 2874?
7
What is the hundreds digit of 31164?
1
What is the hundreds digit of 2596?
5
What is the ten thousands digit of 57728?
5
What is the hundreds digit of 420?
4
What is the ten thousands digit of 17689?
1
What is the units digit of 4546?
6
What is the tens digit of 17673?
7
What is the tens digit of 876?
7
What is the tens digit of 8146?
4
What is the hundred thousands digit of 180615?
1
What is the tens digit of 16181?
8
What is the tens digit of 66670?
7
What is the hundreds digit of 70859?
8
What is the units digit of 16903?
3
What is the tens digit of 4392?
9
What is the tens digit of 3774?
7
What is the thousands digit of 1170?
1
What is the tens digit of 35685?
8
What is the units digit of 330?
0
What is the units digit of 58711?
1
What is the thousands digit of 82802?
2
What is the tens digit of 578?
7
What is the hundreds digit of 2496?
4
What is the hundreds digit of 1315?
3
What is the tens digit of 4789?
8
What is the hundreds digit of 22849?
8
What is the units digit of 7015?
5
What is the hundreds digit of 20710?
7
What is the units digit of 8688?
8
What is the tens digit of 75298?
9
What is the hundreds digit of 34821?
8
What is the ten thousands digit of 109168?
0
What is the hundreds digit of 936?
9
What is the hundreds digit of 2721?
7
What is the tens digit of 8000?
0
What is the tens digit of 3429?
2
What is the hundreds digit of 555?
5
What is the units digit of 15847?
7
What is the tens digit of 2359?
5
What is the units digit of 191?
1
What is the tens digit of 33303?
0
What is the tens digit of 3577?
7
What is the tens digit of 445?
4
What is the ten thousands digit of 72216?
7
What is the hundreds digit of 135?
1
What is the units digit of 16136?
6
What is the thousands digit of 6029?
6
What is the hundreds digit of 210?
2
What is the tens digit of 28917?
1
What is the hundreds digit of 470?
4
What is the thousands digit of 20635?
0
What is the tens digit of 13286?
8
What is the tens digit of 55002?
0
What is the hundred thousands digit of 114498?
1
What is the tens digit of 89?
8
What is the thousands digit of 7896?
7
What is the hundreds digit of 22249?
2
What is the tens digit of 160043?
4
What is the thousands digit of 2094?
2
What is the units digit of 2116?
6
What is the tens digit of 4444?
4
What is the hundreds digit of 266?
2
What is the units digit of 2527?
7
What is the hundreds digit of 425?
4
What is the thousands digit of 1658?
1
What is the hundreds digit of 2853?
8
What is the units digit of 118258?
8
What is the ten thousands digit of 16590?
1
What is the units digit of 978?
8
What is the hundreds digit of 265?
2
What is the units digit of 39676?
6
What is the units digit of 2796?
6
What is the units digit of 1477?
7
What is the tens digit of 2277?
7
What is the thousands digit of 11759?
1
What is the thousands digit of 29500?
9
What is the units digit of 3872?
2
What is the thousands digit of 3166?
3
What is the tens digit of 300?
0
What is the tens digit of 2291?
9
What is the units digit of 2323?
3
What is the hundred thousands digit of 148662?
1
What is the tens digit of 1887?
8
What is the units digit of 79596?
6
What is the hundreds digit of 984?
9
What is the units digit of 1915?
5
What is the hundreds digit of 4107?
1
What is the hundreds digit of 881?
8
What is the hundred thousands digit of 178059?
1
What is the tens digit of 352?
5
What is the tens digit of 83?
8
What is the units digit of 61?
1
What is the tens digit of 59264?
6
What is the hundreds digit of 813?
8
What is the thousands digit of 23001?
3
What is the units digit of 3549?
9
What is the units digit of 1009?
9
What is the tens digit of 1331?
3
What is the units digit of 1729?
9
What is the units digit of 8579?
9
What is the hundreds digit of 1514?
5
What is the tens digit of 563?
6
What is the tens digit of 7035?
3
What is the tens digit of 165892?
9
What is the hundreds digit of 17500?
5
What is the units digit of 4501?
1
What is the tens digit of 14735?
3
What is the units digit of 6377?
7
What is the ten thousands digit of 40283?
4
What is the hundreds digit of 179?
1
What is the units digit of 4740?
0
What is the units digit of 6592?
2
What is the hundreds digit of 3533?
5
What is the hundreds digit of 21143?
1
What is the hundreds digit of 74334?
3
What is the units digit of 5678?
8
What is the units digit of 37684?
4
What is the tens digit of 11?
1
What is the tens digit of 71553?
5
What is the hundreds digit of 2964?
9
What is the units digit of 12068?
8
What is the thousands digit of 7153?
7
What is the ten thousands digit of 11887?
1
What is the hundreds digit of 1756?
7
What is the tens digit of 11333?
3
What is the ten thousands digit of 15657?
1
What is the units digit of 66221?
1
What is the units d